Let l be m(3). Let w be (3 + l)/((-4)/(-60)). Suppose -y = -4*y - w. Determine c(y).
-4
Suppose 2*j + 13 = -2*q + j, 3*q + 2*j + 18 = 0. Let b(k) = k**2 + 8*k + 5. What is b(q)?
5
Let x(b) = 216 + 4*b - 434 + 222. Calculate x(-5).
-16
Let i(t) = -t**2 + 4*t + 5. Let j be i(4). Let h(s) be the second derivative of 0 + 1/20*s**j + 5/2*s**2 + 2*s + 5/12*s**4 + s**3. Give h(-4).
-3
Let v = 7 - 1. Let h(l) = -1 - v*l - 2*l - l + 0*l. Determine h(1).
-10
Let v(o) = -o**2 - 10*o - 3. Suppose 22 = -5*i - 28. Let b be v(i). Let q(m) = m**3 + 4*m**2 + 2*m - 1. Calculate q(b).
2
Let v be 2*(-2)/(-16) + 15/4. Let o(s) = s**2 - 2*s. Determine o(v).
8
Let l = -125 + 131. Let f(m) = m + 1. Give f(l).
7
Let u(p) = p**3 - 3*p**2 - 3*p + 1. Suppose -3*l + l = -4. Suppose 4*s = l*j + 14, 2*j + 2*s = -2*s + 26. Calculate u(j).
-8
Let a(l) be the third derivative of 1/4*l**4 + 5*l**2 + 0 + 1/6*l**3 + 0*l. Calculate a(1).
7
Let s(i) be the first derivative of -i**3/3 - 5*i**2/2 + 5*i + 3. Give s(-6).
-1
Let b(x) = x - 2. Let z be -2 + 4 + (-1 - -5). Let l be 0 + -4 - (z + -10). Give b(l).
-2
Let p(w) = 5*w**3 + w**2 - w + 1. Let m be p(1). Let s(l) = l. What is s(m)?
6
Let q(n) be the third derivative of n**5/60 - n**4/6 - 7*n**3/6 + 22*n**2. What is q(6)?
5
Let g(d) = 5 - 64*d - 65*d + 127*d. Give g(4).
-3
Let v(b) = -4*b - 3. Suppose 0*u + 6 = -3*u. Calculate v(u).
5
Let p(b) = -b. Let x(w) = w**2 + w - 3. Let v(s) = -6*p(s) - x(s). Give v(4).
7
Suppose 3*j - 2 = v, 0*j - 22 = -5*j - 3*v. Let o(x) = -x - 2. What is o(j)?
-4
Let n be 30/18 + 4/(-6). Let r(b) = 3*b**3 + 6*b**3 - 8*b**3 + 2*b**2 - b. Give r(n).
2
Suppose -5*d + 23 = -2*a, -2*a - 5*d + 5 + 2 = 0. Let t be (a + 1)/(9/(-6)). Let p(w) = 14*w**3 - 3*w**2 + 2*w**2 + 15*w**3 - 28*w**3 + 2. What is p(t)?
6
Let n(s) be the second derivative of -s**5/2 + s**4/12 + 3*s. Suppose -5*y = -10, 5*c + 0*y + 9 = 2*y. Calculate n(c).
11
Let l(p) = -4 - p + 1 - 4 + 6. What is l(6)?
-7
Let b(u) = -u**3 + 0 + 1 - 6*u - 2 + 6*u**2. Suppose -13 = -4*g - 5. Let z be -10*3/(-12)*g. Give b(z).
-6
Let y(o) = -2*o**2 + 2*o + 9. Let a be y(4). Let l be (-3)/(-2) - a/10. Let r(u) = u - 4. What is r(l)?
-1
Suppose 2*c = 3*k - 2*c - 17, 4*c = 5*k - 31. Let g(n) be the third derivative of -n**4/24 - 5*n**3/6 - 208*n**2. Calculate g(k).
-12
Let u = 4 - 1. Let l(v) = 1 - 3*v - 6*v - 2*v + u*v. Determine l(1).
-7
Let c = 127 + -119. Let v(z) = -z**3 + 9*z**2 - 6*z - 5. What is v(c)?
11
Suppose 4*n = 7*n - 30. Let c = n - 5. Let m(i) = i - 1. Calculate m(c).
4
Let v(x) = -2*x**2 - 72*x + x**2 + 77*x. Calculate v(4).
4
Let s(g) = -5 + 6 - 2 + 0 + g. Suppose -4 = -o + 3. Let r(q) = q - 12. Let x be r(o). Determine s(x).
-6
Suppose -3*l = -3*j - 6, -3*j + 5*j + 5*l + 11 = 0. Let h(p) be the third derivative of -p**5/60 - p**4/8 + 4*p**2. Give h(j).
0
Let u be (2/5)/(1/55). Suppose 4*c - 8 = 2*j - 3*j, u = 2*c + 5*j. Let h be (2/(-3))/(c/(-3)). Let k(d) = -d**3 + 2*d**2 + 2*d - 1. Calculate k(h).
3
Suppose 0 = 5*u + 4*z - 23, 6*u - 3*z - 3 = 3*u. Suppose 14 = -u*f + j - 2, 0 = -f + 4*j - 9. Let c(y) = 5 - 38*y**2 + 39*y**2 + 6*y + 2. Determine c(f).
2
Let q(h) be the second derivative of -h**5/20 + h**4/4 - h**3/6 - 2*h. Suppose 5*v - 2 = -5*p - 17, 0 = 3*p + v - 1. Give q(p).
2
Let w(c) = -2*c - 9. Let d(f) = 1. Let p(h) = 2*h + 3. Let l(i) = 4*d(i) + p(i). Let y be l(-7). Give w(y).
5
Suppose 3 = -2*q - 3. Let j(o) = o + 1 - o**3 - 3 + 0*o**3 - 3*o**2. Determine j(q).
-5
Let v(h) = 4 - 3 + h - 7. Calculate v(6).
0
Let g(n) = n**2 + n + 1. Suppose 6*x + 12 = -0*x. What is g(x)?
3
Let d(x) = 20*x + 13. Let r(v) = 7*v + 4. Let p(s) = 6*d(s) - 17*r(s). Let j be p(-8). Let c(y) = -3*y**2 - 14 - y**3 + 16 + 3*y**3. Give c(j).
6
Let a(z) = -z**3 - 5*z**2 - 2*z - 6. Let x be a(-5). Let l(t) be the second derivative of -t**5/20 + t**4/4 + 2*t**3/3 + 2*t**2 - 5*t. Give l(x).
4
Suppose 5*w = h - 17, -3*w - 11 = 2*w - 3*h. Let n(y) = y + 4. Calculate n(w).
0
Let x(w) = -w**2 - 5*w + 3. Let a(t) = -t**2 - 6*t + 2. Let f(p) = -2*a(p) + 3*x(p). Suppose -z + 0*z - 4 = 0. Calculate f(z).
1
Let k = -35 - -39. Let v(g) = g**2 - 5*g + 4. What is v(k)?
0
Let k = -9 - -8. Let h(j) = -j - 1. What is h(k)?
0
Let n(s) = 4*s**3 + s**2 - s. Suppose 3*o - o + 18 = 4*q, -3*q = -15. Calculate n(o).
4
Let y(x) = -6*x + 6 - 4*x**2 + 3*x**2 - 3. Suppose -26 = 5*p + 4. Determine y(p).
3
Let r = -10 - -6. Let w(p) be the first derivative of p**4/4 + p**3 - p**2 + 5*p - 1. Let v be w(r). Let g(q) = -q - 7. Give g(v).
-4
Let j(y) be the first derivative of -2*y**3/3 - y - 43. Calculate j(2).
-9
Let h(c) = 194 + c**2 - 196 - 7*c - 2*c**2. Suppose 2*j - j = w + 9, -4*j = -16. Determine h(w).
8
Let n(g) be the first derivative of g**4 + g**2/2 - g + 3. Give n(1).
4
Let u(t) = -t**2 - 8*t - 4. Let b = -96 + 90. Give u(b).
8
Let f = -17 - -28. Let b(k) = -k**3 + 12*k**2 - 12*k + 8. Let z be b(f). Let n(g) = -g**3 - 4*g**2 - 3*g + 3. Give n(z).
3
Let t(o) be the first derivative of 4*o**3/3 + o**2 + 2*o + 6. Determine t(-2).
14
Let b = -14 - -9. Let j(y) = -y**3 - 6*y**2 - 4*y + 1. What is j(b)?
-4
Suppose 5 = t - 2*l, 3*l + 13 = 4*t + 2*l. Let s(x) be the first derivative of -3*x - 1 - 1/3*x**t - 3/2*x**2. Calculate s(-3).
-3
Let t be (-1)/(-3) + -1 + (-18)/(-27). Let z(i) be the second derivative of -1/12*i**4 + 1/2*i**2 + 2/3*i**3 - i + t. Give z(3).
4
Let i(k) be the third derivative of k**5/60 - 5*k**4/24 - 2*k**3/3 - 4*k**2. Let q = -15 + 20. Calculate i(q).
-4
Let f(i) be the first derivative of -i**4/4 + 2*i**3 - i**2/2 + 5*i - 1. Let s = 149 - 143. Calculate f(s).
-1
Let j(i) = i**2 + 6*i + 1. Let f(g) = g**2 + 5*g + 1. Let y = -30 - -27. Let c(d) = y*f(d) + 2*j(d). Determine c(-3).
-1
Let u(o) be the second derivative of -o**4/12 - 7*o**3/6 - 3*o**2 - o. Suppose 2*y - 3 = -3*x - 21, 4*y - 24 = 4*x. Give u(x).
0
Let s = -2 - -4. Let i(j) = -j**2 + 1. Let u be i(s). Let y(k) = 2*k**2 + 3*k - 2. What is y(u)?
7
Let q(i) = 2*i - 5. Suppose 4*p = 12, 4*p - 17 = -5*y + 25. Let x = y - 0. Calculate q(x).
7
Let m be (2 - 1 - 1)/(-1). Suppose h + 7 = l - 0*h, m = -5*l + h + 19. Let x be 4/l*(-9)/(-6). Let a(r) = -r**2 - 1. What is a(x)?
-5
Let g(k) = -2*k**3 + 3*k**2 + k + 13. Let p(v) = -v**3 + 2*v**2 + 6. Let q(n) = 3*g(n) - 7*p(n). Calculate q(4).
-7
Let r(y) be the first derivative of -y**5/120 - y**4/12 + 5*y**3/3 + 2. Let h(i) be the third derivative of r(i). Give h(-4).
2
Suppose 0 = 2*m - m. Let u = -4 - -7. Let g(v) = 1 + m + u*v - 2*v. Give g(4).
5
Let n be -2 - 0/(2 - 0). Suppose -j + 5*c = 2*j, -4*c = -2*j. Let o be 2 + j - (n - -3). Let y(h) = 2*h**2 - 2*h + 1. Calculate y(o).
1
Suppose -2*b - 3*b = 40. Let y(l) = -l**2 - 8*l + 4. Let c be y(b). Let k(u) = -2*u - 2. What is k(c)?
-10
Suppose 5*x = -22 - 8. Let h(f) = -f**2 - f**3 - f + 4*f - 2*f + 3 + 5*f. Let s(d) = -d**2. Let q(c) = -h(c) - 4*s(c). Determine q(x).
-3
Let r be (3/(-18)*14 + 2)*-21. Let c(g) = g - 11. What is c(r)?
-4
Let o be (-5)/((-105)/18)*7. Let a(u) = -3*u - o + 2 + 2*u. Let k be 3/1 + (4 - 2). Determine a(k).
-9
Let d(p) = -p**3 + 5*p**2 - 3*p - 3. Suppose 0*l + 8 = z + 2*l, -2*l = -5*z + 16. Give d(z).
1
Let k(d) = -2*d**3 + d**2 - 7. Let b(a) = -5*a**3 + 3*a**2 - 15. Let i(q) = -3*b(q) + 7*k(q). Determine i(3).
5
Let j(h) = -h**3 - 5*h**2 - 5*h - 1. Let l be j(-4). Suppose -3*v - 3 = -6*q + l*q, 3*q + 17 = -2*v. Let n(t) = -t**2 - 4*t + 3. Calculate n(v).
3
Let z(j) = j**2 - 2*j. Let p(n) = n**2. Let s(l) = 2*p(l) - z(l). What is s(3)?
15
Suppose x + 4*t - 1 = 9, -2*t = -4*x + 58. Suppose 0 = 3*z - x + 5. Let m(n) = -1 - 7*n**2 + z*n - n + n**2. Determine m(1).
-5
Let s(y) be the third derivative of -y**5/60 - y**4/6 + y**3/6 - 6*y**2. Let l be 4*(-1 + -1 + 1). Determine s(l).
1
Let o(d) = d**2 - d. Let i(u) = -3*u**2 + 4*u - 7. Let f(a) = -6*a**2 + 9*a - 13. Let q(g) = -3*f(g) + 5*i(g). Let z(y) = -2*o(y) + q(y). Determine z(4).
0
Let j(q) = q**2 + q - 1. Let h = 75 + -72. What is j(h)?
11
Let n(s) = -9 + s**3 + 5*s**2 - 7*s + s**2 + 0*s**2. Let w be 18/(-72) + 27/(-4). What is n(w)?
-9
Let j(z) be the third derivative of z**5/6 + z**4/24 - 2*z**2. Suppose -n - 2*n + 3 = 0. Give j(n).
11
Let n(b) = b. Let u(q) = 3*q. Let r(c) = c + 3. Let t be r(3). Let z(y) = t*u(y) - 17*n(y). What is